s the highest common factor of 240 and x?
30
Let l be (-2)/(-14)*-2*(446 - 453). Let n = 7 - 5. What is the highest common divisor of n and l?
2
Suppose 14 = -2*j + 3*j. Suppose 20*i - 35 = 19*i. Let a be (-1538)/(-10) - (-7)/i. Calculate the highest common factor of j and a.
14
Let z = -5 + 2. Let c be (z - -1)*(-14 + 3). Let y = -4 + c. What is the highest common divisor of 18 and y?
18
Let t(f) = -3*f**3 - 28*f**2 + 192*f + 34. Let n be t(-14). Calculate the greatest common divisor of n and 9270.
90
Suppose 3*f = -3*k + 351, 11*f = 6*f - 4*k + 582. Calculate the highest common factor of 1824 and f.
114
Let q(t) = 1097*t + 8818. Let h be q(-8). What is the highest common divisor of 3374 and h?
14
Suppose y = -4*y + 40. Let b be (3/((-12)/y))/(-1). Suppose 5*i = 2*d - 47, 2*d = -0*d - 4*i + 20. What is the highest common factor of b and d?
2
Suppose 2*o - 34*s - 999 = -37*s, 5*o - 2505 = -5*s. What is the highest common factor of o and 630?
126
Suppose 4*p - 15808 = -4768. Suppose -18*x = 6*x - p. Calculate the highest common divisor of 46 and x.
23
Let u = -4513 - -4653. Calculate the highest common factor of 5012 and u.
28
Let c(r) = -3 - 8*r - 1 - r**2 + 0 + 6. Let x be c(-9). Let a = x + 24. What is the greatest common divisor of a and 51?
17
Let r = 874 - 762. Let k(q) = -q**2 + 8*q + 6. Let p be k(9). Let m be 57/4 + p/12. Calculate the highest common factor of r and m.
14
Suppose 741*f = 739*f - 6, 4*c = -2*f + 17638. Calculate the highest common factor of 11 and c.
11
Let d = 337 - 313. Let t = -118 - -142. Calculate the highest common divisor of d and t.
24
Let v(d) = -2*d**3 - 6*d**2 - 17*d - 183. Let s be v(-6). Calculate the highest common divisor of 24165 and s.
135
Let p(i) = -i**3 + 19*i**2 + 269*i - 423. Let f be p(27). What is the greatest common factor of f and 154?
14
Let g = -14 + 20. Let u(y) = -31*y + 64. Let b be u(2). Suppose -s = -b*n - 4, 6*s - 4*n = s + 26. Calculate the greatest common factor of g and s.
6
Suppose 10*r = 11*r - 6. Suppose 0 = b - 3*b - r, -g - b - 1205 = 0. Let y be g/(-20) + 10/(-100). Calculate the greatest common factor of 20 and y.
20
Let c(h) be the first derivative of 33*h**4/2 - h**3/3 + h**2/2 - h + 33. Let b be c(1). What is the greatest common divisor of 5 and b?
5
Suppose 3*d + c - 34 = 6*c, 4*d - 5*c - 42 = 0. Let o be (-65)/2*d/(-10). What is the highest common divisor of o and 91?
13
Let f = -1928 - -2346. What is the highest common factor of f and 266?
38
Suppose 16*m = -109*m + 416752 - 132127. What is the highest common factor of m and 198?
99
Let d be 8 + -3*8/12. Let s(t) be the second derivative of t**5/20 + 7*t**4/12 + 2*t**3/3 - t. Let w be s(-6). What is the greatest common divisor of w and d?
6
Suppose -220*l - 131 = -1231. Suppose 0 = -3*g - 48 + 288. What is the greatest common factor of g and l?
5
Suppose 24*n - 19199 + 2063 = 0. What is the greatest common divisor of n and 510?
102
Suppose 4*c - 604 = 70*m - 74*m, 0 = -m - 5*c + 131. Suppose 24*o - m = 18*o. Let n be (88/6)/(4/78). Calculate the greatest common divisor of o and n.
26
Let h(c) = c**3 - 10*c**2 + 9*c - 18. Suppose 5*w = -m + 30, -5*w + 4*w = -2*m + 16. Let r be h(m). What is the highest common divisor of r and 18?
18
Let j be 192/(-32)*-225*(6 + 0). Calculate the highest common factor of 240 and j.
60
Suppose 2*d - 18*d + 38 + 90 = 0. Calculate the greatest common divisor of d and 1444.
4
Let f = -81 - -83. Suppose -157 = -f*t + i, 2*i + 390 = -t + 6*t. Calculate the highest common factor of t and 114.
38
Suppose -j - 40 = -5*j. Let l(p) = -2*p + 44. Let m be l(j). Suppose -5*c = -3*a - 151, -a + 2*a = 3. What is the greatest common divisor of m and c?
8
Let r be 3/((-8904)/1274 - -7). What is the greatest common factor of r and 507?
39
Let j(i) = 32*i + 100. Let h be j(-3). Suppose g - 50 = -u, g = 2*g - h*u - 40. Calculate the highest common divisor of 108 and g.
12
Let d = 2466 + -2448. Calculate the highest common divisor of 666 and d.
18
Let k(i) = 422*i + 1436. Let h be k(-3). What is the highest common factor of 272 and h?
34
Let a be ((-10)/8)/(148/(-592)). What is the greatest common factor of a and 3110?
5
Suppose 4*j + 12 = -4*u, 9*u - 5*j - 35 = 4*u. Suppose -15*p + 17*p - 5*f - 1944 = 0, u*p - f = 1944. Calculate the highest common factor of 12 and p.
12
Suppose -6*h + 1495 + 953 = 0. Suppose -3*q + 138 = 3*l - 264, -3*q = -3*l - h. What is the highest common divisor of q and 75?
15
Let o(p) = -274*p**3 + 8*p + 6. Let c be o(-1). Calculate the highest common divisor of 144 and c.
16
Suppose 2*b = 5*c + 126, -227*c - 252 = -4*b - 232*c. Calculate the highest common divisor of b and 792.
9
Let u(k) = -11*k + 173. Suppose -42 = -11*l + 123. Let z be u(l). What is the greatest common divisor of 248 and z?
8
Let l(p) = p**2 + 50*p + 219. Let a be l(-46). Suppose 0 = -5*z + 3*g + 187, -z - z = -2*g - 78. Calculate the highest common divisor of z and a.
35
Suppose 0 = 15*n - 659 - 1321. Suppose -138 = -9*u + n. What is the highest common factor of 150 and u?
30
Suppose 5*m - 120 = 4*v, 3*v + 0*v - 96 = -4*m. Let h(d) = -3*d**3 - 405*d**2 + 6*d + 1194. Let x be h(-135). Calculate the highest common divisor of m and x.
24
Suppose -10*y = -3*y + 3073. Let u = 454 + y. What is the greatest common divisor of 25 and u?
5
Suppose k + 5*l - 24 = 0, 5*l = 4*k - 5 + 9. Suppose -c - 95 = -k*g, -3*g - 75 = -6*g - 3*c. Calculate the highest common divisor of g and 36.
12
Let g(p) = 616*p - 13289. Let f be g(39). Calculate the greatest common factor of 57 and f.
19
Let p = -80 - -77. Let w be 79 + 0 - (p + -2). What is the highest common factor of w and 21?
21
Let s(c) = 11*c**3. Let t be s(1). Let h(j) = -8*j + 446. Let w be h(53). Calculate the highest common divisor of t and w.
11
Suppose -15*l = -20 - 115. What is the highest common divisor of 1365 and l?
3
Let m be (96 - 2)*(0 + (-3)/(-6)). Suppose 2*v - m = 2*w + 145, 5*w = 4*v - 381. What is the greatest common divisor of v and 44?
11
Let i = -25549 - -36772. What is the highest common factor of 29 and i?
29
Let s(a) = 3*a**3 - 229*a**2 + 301*a - 20. Let p be s(75). Calculate the highest common divisor of p and 792.
11
Suppose -2*b - 3*y - 11 = 15, 0 = b - 3*y - 5. Let c(d) = d**2 - 3*d - 43. Let o be c(b). Calculate the highest common factor of 675 and o.
27
Suppose -23 + 7 = -4*v, -3*o + 3*v = -42. What is the highest common factor of 282 and o?
6
Let s be (104/364)/((-1)/(-560)). What is the highest common factor of 2496 and s?
32
Suppose -30*c + 8*c + 5100 = -7022. Calculate the greatest common divisor of 174 and c.
29
Suppose 109 + 1991 - 3980 - 9664 = -962*k. Let l = -5 - -7. Let x = 10 + l. What is the highest common factor of x and k?
12
Let m = 263 - 186. Let u(z) = 1224*z + 1235. Let f be u(-1). What is the highest common divisor of f and m?
11
Let t = -3 - -110. Let x = t + -71. Let d(y) = 6*y. Let q be d(2). Calculate the highest common divisor of q and x.
12
Let a = -140 - -140. Let w(l) = l**3 + l + 32. Let y be w(a). What is the greatest common factor of y and 64?
32
Let r be 1/8 - (-9)/(-24) - 1177455/(-60). What is the greatest common factor of 176 and r?
88
Let t = -4 - -18. Suppose -80*s + 1227 = -38*s - 2595. Calculate the highest common factor of t and s.
7
Let o(b) be the second derivative of -b**5/20 + b**4/12 + b**3/2 + 7*b**2 - 41*b. Let y be o(0). What is the highest common divisor of 35 and y?
7
Let p = 4108 + -3966. What is the greatest common factor of p and 71?
71
Let x(j) = 3*j**2 + 90*j - 45. Let w be x(-38). Suppose -3*b = w - 930. What is the greatest common factor of 336 and b?
21
Let j = 1049 + -774. Let v = -238 - -288. What is the highest common factor of v and j?
25
Let s be (2 - 1)/(7/63). Suppose 72 = -8*q + 12*q. Calculate the highest common factor of s and q.
9
Let b be 4/3*(-45)/(-30). Suppose 0 = 2*h - 5*n - 46, b*h + 0*h = 3*n + 42. Suppose 9*k - 6 = 264. What is the greatest common divisor of k and h?
6
Suppose 32 = 2*f - 2*u - 8, 0 = 4*u - 12. Let a = 117 + -112. Suppose a*g = 198 + 377. What is the greatest common factor of f and g?
23
Let f(h) = 260*h + 30. Suppose 2*w = 5*v + 4*w + 3, -v + 5*w = -21. Let c be f(v). What is the highest common divisor of 20 and c?
10
Let l be (-2 - (-4)/1)*3. Suppose 2*x